{"id":191,"date":"2018-05-04T14:36:10","date_gmt":"2018-05-04T14:36:10","guid":{"rendered":"https:\/\/catholiccharitiesla.org\/spanish\/?page_id=191"},"modified":"2021-12-14T21:13:20","modified_gmt":"2021-12-14T21:13:20","slug":"programs","status":"publish","type":"page","link":"https:\/\/catholiccharitiesla.org\/spanish\/programs\/","title":{"rendered":"Programas"},"content":{"rendered":"<p>[et_pb_section fb_built=&#8221;1&#8243; fullwidth=&#8221;on&#8221; _builder_version=&#8221;3.0.47&#8243;][et_pb_fullwidth_image src=&#8221;https:\/\/catholiccharitiesla.org\/spanish\/wp-content\/uploads\/CC_Header_Programas_1600px.jpg&#8221; _builder_version=&#8221;3.9&#8243;]\u00a0[\/et_pb_fullwidth_image][\/et_pb_section][et_pb_section fb_built=&#8221;1&#8243; _builder_version=&#8221;3.1.1&#8243; background_color=&#8221;#f1f1f1&#8243;][et_pb_row _builder_version=&#8221;3.0.47&#8243; background_size=&#8221;initial&#8221; background_position=&#8221;top_left&#8221; background_repeat=&#8221;repeat&#8221;][et_pb_column type=&#8221;1_3&#8243; _builder_version=&#8221;3.0.47&#8243; parallax=&#8221;off&#8221; parallax_method=&#8221;on&#8221;][et_pb_image src=&#8221;https:\/\/catholiccharitiesla.org\/spanish\/wp-content\/uploads\/2018\/05\/CatholicCharities_Logo_400px.png&#8221; _builder_version=&#8221;3.1.1&#8243;]\u00a0[\/et_pb_image][et_pb_text _builder_version=&#8221;3.9&#8243; text_font=&#8221;Open Sans||||||||&#8221; text_text_color=&#8221;#ab862c&#8221; text_font_size=&#8221;13&#8243; text_line_height=&#8221;1.5em&#8221;]<\/p>\n<p>\u00a0<\/p>\n<p><a href=\"https:\/\/catholiccharitiesla.org\/spanish\/alleviate-hunger\/\" target=\"_blank\" rel=\"noopener\">Aliviar el hambre<\/a><\/p>\n<p><a href=\"https:\/\/catholiccharitiesla.org\/spanish\/strengthen-communities\/\" target=\"_blank\" rel=\"noopener\">Fortalecer a las comunidades <\/a><\/p>\n<p><span style=\"color: #5293e2;\">Transformar la p\u00e9rdida de viviendas<\/span><\/p>\n<p><a href=\"https:\/\/catholiccharitiesla.org\/spanish\/guide-children-and-teens\/\" target=\"_blank\" rel=\"noopener\">Orientar a los ni\u00f1os y a los adolescentes<\/a><\/p>\n<p><a href=\"https:\/\/catholiccharitiesla.org\/spanish\/protect-the-aging\/\" target=\"_blank\" rel=\"noopener\">Proteger a las personas mayores<\/a><\/p>\n<p><a href=\"https:\/\/catholiccharitiesla.org\/spanish\/assist-immigrants-and-refugees\/\" target=\"_blank\" rel=\"noopener\">Ayuda para inmigrantes y refugiados<\/a><\/p>\n<p>[\/et_pb_text][\/et_pb_column][et_pb_column type=&#8221;2_3&#8243; _builder_version=&#8221;3.0.47&#8243; parallax=&#8221;off&#8221; parallax_method=&#8221;on&#8221;][et_pb_text _builder_version=&#8221;3.9&#8243; text_font=&#8221;Open Sans||||||||&#8221; text_text_color=&#8221;#001f5b&#8221; header_font=&#8221;PT Serif||||||||&#8221; header_text_align=&#8221;left&#8221; header_text_color=&#8221;#0073bc&#8221; header_font_size=&#8221;34&#8243; header_3_font=&#8221;PT Serif||||||||&#8221; header_3_text_align=&#8221;left&#8221; header_3_text_color=&#8221;#0073bc&#8221; header_3_font_size=&#8221;20&#8243; header_3_line_height=&#8221;1.3em&#8221;]<\/p>\n<h1>Programas<\/h1>\n<p dir=\"ltr\" style=\"line-height: 1.38; margin-top: 0pt; margin-bottom: 0pt;\">\u00a0<\/p>\n<p style=\"background-color: #f1f1f1; font-size: 14px;\">Desde 1919, Caridades Cat\u00f3licas de Los \u00c1ngeles, Inc. ha respondido a las necesidades de ni\u00f1os, mujeres y hombres marginados, de bajos recursos, y que sufren de hambre y se encuentran sin hogar, abasteciendo sus necesidades b\u00e1sicas, mejorando sus vidas, elevando su dignidad y apoyando su estabilidad a largo plazo. El principio que gu\u00eda nuestro trabajo es crear un impacto positivo a largo plazo para los individuos, las familias y las comunidades.<\/p>\n<p style=\"background-color: #f1f1f1; font-size: 14px;\">Caridades Cat\u00f3licas atiende a los residentes con necesidades y de bajos recursos de los condados de Los \u00c1ngeles, Ventura y Santa B\u00e1rbara. \u00a0Proporciona alimentos y albergues de emergencia, gesti\u00f3n de casos y servicios de apoyo. Nuestros programas y servicios se ofrecen en 18 centros comunitarios y siete albergues para personas sin hogar. Abordamos temas como el sufrimiento humano y los problemas sociales m\u00e1s profundos como la pobreza, el hambre y la nutrici\u00f3n, la falta de vivienda, la inmigraci\u00f3n, la atenci\u00f3n m\u00e9dica, la salud mental y el analfabetismo. Estos programas y servicios est\u00e1n dise\u00f1ados para empoderar a los clientes a ser m\u00e1s autosuficientes. Como corporaci\u00f3n de beneficio p\u00fablico sin fines de lucro, la agencia se basan en los principios de la dignidad y la inclusi\u00f3n, proporcionando servicios independientemente de raza, grupo \u00e9tnico, g\u00e9nero o creencia religiosa de la persona.<\/p>\n<p style=\"background-color: #f1f1f1; font-size: 14px;\">Obtener resultados de calidad empieza siempre con el entendimiento de las necesidades y expectativas de nuestros clientes. B\u00e1sicamente, un buen resultado significa satisfacer o superar esas necesidades y expectativas. Se utiliza el proceso conocido como Mejora Continua de la Calidad que permite a Caridades Cat\u00f3licas a centrarse en proporcionar programas efectivos y eficaces para todos los que reciben nuestros servicios.<\/p>\n<p style=\"padding-bottom: 1em; background-color: #f1f1f1; font-size: 14px;\">Nuestro trabajo, que incluye pr\u00e1cticas prudentes de gesti\u00f3n fiscal y prestaci\u00f3n de servicios, est\u00e1 validado externamente por el Consejo de Acreditaci\u00f3n. Estamos comprometidos con la responsabilidad y la transparencia y Charity Navigator, un evaluador de organizaciones ben\u00e9ficas independiente, nos ha acreditado como Organizaci\u00f3n Ben\u00e9fica de 4 Estrellas, una muy codiciada calificaci\u00f3n.<\/p>\n<p>[\/et_pb_text][\/et_pb_column][\/et_pb_row][\/et_pb_section][et_pb_section fb_built=&#8221;1&#8243; _builder_version=&#8221;3.1.1&#8243; background_color=&#8221;#dddddd&#8221;][et_pb_row _builder_version=&#8221;3.0.47&#8243; background_size=&#8221;initial&#8221; background_position=&#8221;top_left&#8221; background_repeat=&#8221;repeat&#8221;][et_pb_column type=&#8221;1_3&#8243; _builder_version=&#8221;3.0.47&#8243; parallax=&#8221;off&#8221; parallax_method=&#8221;on&#8221;][et_pb_text _builder_version=&#8221;3.1.1&#8243; text_font=&#8221;Open Sans|600|||||||&#8221; text_text_color=&#8221;#001f5b&#8221;]<\/p>\n<div style=\"width: 40%; padding: 0 10px 0 0; float: left;\"><a href=\"https:\/\/catholiccharitiesla.org\/spanish\/about\/\">About<\/a><br \/><a href=\"https:\/\/catholiccharitiesla.org\/spanish\/programs\/\">Programs<\/a><br \/><a href=\"https:\/\/catholiccharitiesla.org\/spanish\/locations\/\">Locations<\/a><br \/><a href=\"https:\/\/catholiccharitiesla.org\/spanish\/events\/\">Events<\/a><br \/><a href=\"https:\/\/catholiccharitiesla.org\/spanish\/news\/\">News<\/a><br \/><a href=\"https:\/\/catholiccharitiesla.org\/spanish\/how-to-help\/\">How To Help<\/a><\/div>\n<div style=\"width: 40%; padding: 0 10px 0 0; float: right;\"><a href=\"https:\/\/catholiccharitiesla.org\/spanish\/programas\/\"><strong>En Espa\u00f1ol<\/strong><\/a><br \/><a href=\"https:\/\/catholiccharitiesla.org\/spanish\/privacy-policy\/\">Privacy Policy<\/a><br \/><a href=\"https:\/\/catholiccharitiesla.org\/spanish\/affiliations\/\">Affiliations<\/a><br \/><a href=\"https:\/\/catholiccharitiesla.org\/spanish\/contact\/\">Contact Us<\/a><br \/><a href=\"https:\/\/catholiccharitiesla.org\/spanish\/donate\/\">Donate Now<\/a><\/div>\n<div style=\"clear: both;\">\u00a0<\/div>\n<p>[\/et_pb_text][\/et_pb_column][et_pb_column type=&#8221;1_3&#8243; _builder_version=&#8221;3.0.47&#8243; parallax=&#8221;off&#8221; parallax_method=&#8221;on&#8221;][et_pb_cta button_url=&#8221;https:\/\/catholiccharitiesla.org\/spanish\/newsletter-sign-up\/&#8221; button_text=&#8221;SUBSCRIBE&#8221; _builder_version=&#8221;3.1.1&#8243; header_text_align=&#8221;left&#8221; header_text_color=&#8221;#888888&#8243; header_font_size=&#8221;14&#8243; body_font=&#8221;Open Sans|600|||||||&#8221; body_text_color=&#8221;#888888&#8243; use_background_color=&#8221;off&#8221; custom_button=&#8221;on&#8221; button_text_size=&#8221;14px&#8221; button_text_color=&#8221;#ffffff&#8221; button_bg_color=&#8221;#c51f2a&#8221; button_border_width=&#8221;0&#8243; button_border_radius=&#8221;1px&#8221; button_font=&#8221;Open Sans|600|||||||&#8221; button_use_icon=&#8221;off&#8221; button_text_color_hover=&#8221;#ffffff&#8221; button_bg_color_hover=&#8221;#c8a722&#8243; button_border_color_hover=&#8221;#c8a722&#8243; button_alignment=&#8221;center&#8221; background_layout=&#8221;light&#8221; animation_style=&#8221;fade&#8221; saved_tabs=&#8221;all&#8221;]Sign Up To Receive Our Newsletter[\/et_pb_cta][et_pb_text _builder_version=&#8221;3.1.1&#8243; text_font=&#8221;Open Sans||||||||&#8221; text_orientation=&#8221;center&#8221;]<center><a href=\"https:\/\/www.facebook.com\/Catholic.Charities.LA\" target=\"_blank\" rel=\"noopener noreferrer\"><img loading=\"lazy\" decoding=\"async\" class=\"alignnone\" src=\"https:\/\/catholiccharitiesla.org\/spanish\/wp-content\/uploads\/2018\/05\/CC_FacebookIcon.png\" alt=\"\" width=\"38\" height=\"31\" \/><\/a>\u00a0\u00a0\u00a0 <a href=\"https:\/\/www.linkedin.com\/company\/catholic-charities_4\" target=\"_blank\" rel=\"noopener noreferrer\"><img loading=\"lazy\" decoding=\"async\" class=\"alignnone\" src=\"https:\/\/catholiccharitiesla.org\/spanish\/wp-content\/uploads\/CC_LinkedInIcon.png\" alt=\"\" width=\"38\" height=\"31\" \/><\/a><\/center>[\/et_pb_text][\/et_pb_column][et_pb_column type=&#8221;1_3&#8243; _builder_version=&#8221;3.0.47&#8243; parallax=&#8221;off&#8221; parallax_method=&#8221;on&#8221;][et_pb_text _builder_version=&#8221;3.1.1&#8243; text_font=&#8221;Open Sans|600|||||||&#8221; text_text_color=&#8221;#003e7e&#8221; text_font_size=&#8221;12&#8243; text_line_height=&#8221;1.5em&#8221; custom_margin=&#8221;|||20px&#8221; animation_style=&#8221;fade&#8221;]<a href=\"https:\/\/catholiccharitiesla.org\/spanish\/\"><img loading=\"lazy\" decoding=\"async\" src=\"https:\/\/catholiccharitiesla.org\/spanish\/wp-content\/uploads\/2018\/05\/CatholicCharities_Logo_400px.png\" alt=\"\" width=\"170\" height=\"111\" \/><\/a><\/p>\n<p align=\"left\">1531 James M. Wood Blvd.<br \/>P.O. Box 15095, Los Angeles, CA 90015<br \/><strong>(213) 251-3400\u00a0<\/strong> |\u00a0 <a href=\"mailto:info@CatholicCharitiesLA.org\">info@CatholicCharitiesLA.org<\/a><\/p>\n<p>[\/et_pb_text][\/et_pb_column][\/et_pb_row][\/et_pb_section][et_pb_section fb_built=&#8221;1&#8243; _builder_version=&#8221;3.1.1&#8243; global_module=&#8221;1632&#8243;][et_pb_row _builder_version=&#8221;3.0.48&#8243; background_size=&#8221;initial&#8221; background_position=&#8221;top_left&#8221; background_repeat=&#8221;repeat&#8221;][et_pb_column type=&#8221;4_4&#8243; _builder_version=&#8221;3.0.47&#8243; parallax=&#8221;off&#8221; parallax_method=&#8221;on&#8221;][et_pb_text _builder_version=&#8221;3.9&#8243; text_font=&#8221;Open Sans||||||||&#8221; text_text_color=&#8221;#888888&#8243; text_font_size=&#8221;11&#8243;]<\/p>\n<p style=\"text-align: center;\">\u00a92021 All Rights Reserved. Catholic Charities of Los Angeles, Inc.<br \/> Catholic Charities of Los Angeles, Inc. is a 501(c)(3) nonprofit, public benefit corporation accredited by the Council on Accreditation.<\/p>\n<p>[\/et_pb_text][\/et_pb_column][\/et_pb_row][\/et_pb_section]<\/p>\n","protected":false},"excerpt":{"rendered":"<p>\u00a0\u00a0\u00a0Aliviar el hambreFortalecer a las comunidades Transformar la p\u00e9rdida de viviendasOrientar a los ni\u00f1os y a los adolescentesProteger a las personas mayoresAyuda para inmigrantes y refugiadosProgramas\u00a0Desde 1919, Caridades Cat\u00f3licas de Los \u00c1ngeles, Inc. ha respondido a las necesidades de ni\u00f1os, mujeres y hombres marginados, de bajos recursos, y que sufren de hambre y se encuentran [&hellip;]<\/p>\n","protected":false},"author":1,"featured_media":0,"parent":0,"menu_order":0,"comment_status":"closed","ping_status":"closed","template":"","meta":{"_et_pb_use_builder":"on","_et_pb_old_content":"","_et_gb_content_width":"","_exactmetrics_skip_tracking":false,"_exactmetrics_sitenote_active":false,"_exactmetrics_sitenote_note":"","_exactmetrics_sitenote_category":0,"footnotes":""},"class_list":["post-191","page","type-page","status-publish","hentry"],"_links":{"self":[{"href":"https:\/\/catholiccharitiesla.org\/spanish\/wp-json\/wp\/v2\/pages\/191","targetHints":{"allow":["GET"]}}],"collection":[{"href":"https:\/\/catholiccharitiesla.org\/spanish\/wp-json\/wp\/v2\/pages"}],"about":[{"href":"https:\/\/catholiccharitiesla.org\/spanish\/wp-json\/wp\/v2\/types\/page"}],"author":[{"embeddable":true,"href":"https:\/\/catholiccharitiesla.org\/spanish\/wp-json\/wp\/v2\/users\/1"}],"replies":[{"embeddable":true,"href":"https:\/\/catholiccharitiesla.org\/spanish\/wp-json\/wp\/v2\/comments?post=191"}],"version-history":[{"count":10,"href":"https:\/\/catholiccharitiesla.org\/spanish\/wp-json\/wp\/v2\/pages\/191\/revisions"}],"predecessor-version":[{"id":1635,"href":"https:\/\/catholiccharitiesla.org\/spanish\/wp-json\/wp\/v2\/pages\/191\/revisions\/1635"}],"wp:attachment":[{"href":"https:\/\/catholiccharitiesla.org\/spanish\/wp-json\/wp\/v2\/media?parent=191"}],"curies":[{"name":"wp","href":"https:\/\/api.w.org\/{rel}","templated":true}]}}