{"id":202,"date":"2018-05-04T14:46:46","date_gmt":"2018-05-04T14:46:46","guid":{"rendered":"https:\/\/catholiccharitiesla.org\/spanish\/?page_id=202"},"modified":"2021-12-14T21:14:08","modified_gmt":"2021-12-14T21:14:08","slug":"strengthen-communities","status":"publish","type":"page","link":"https:\/\/catholiccharitiesla.org\/spanish\/strengthen-communities\/","title":{"rendered":"Fortalecer a las Comunidades"},"content":{"rendered":"<p>[et_pb_section fb_built=&#8221;1&#8243; fullwidth=&#8221;on&#8221; _builder_version=&#8221;3.0.47&#8243;][et_pb_fullwidth_image src=&#8221;https:\/\/catholiccharitiesla.org\/spanish\/wp-content\/uploads\/CC_Header_Programas_1600px-1.jpg&#8221; _builder_version=&#8221;3.1.1&#8243;]&nbsp;<br \/>\n[\/et_pb_fullwidth_image][\/et_pb_section][et_pb_section fb_built=&#8221;1&#8243; _builder_version=&#8221;3.1.1&#8243;][et_pb_row _builder_version=&#8221;3.0.47&#8243; background_size=&#8221;initial&#8221; background_position=&#8221;top_left&#8221; background_repeat=&#8221;repeat&#8221;][et_pb_column type=&#8221;1_3&#8243; _builder_version=&#8221;3.0.47&#8243; parallax=&#8221;off&#8221; parallax_method=&#8221;on&#8221;][et_pb_image src=&#8221;https:\/\/catholiccharitiesla.org\/spanish\/wp-content\/uploads\/2018\/05\/CC_Photos_Programs_StrengthenCommunities.jpg&#8221; _builder_version=&#8221;3.1.1&#8243;]&nbsp;<br \/>\n[\/et_pb_image][et_pb_text _builder_version=&#8221;3.9&#8243;]<\/p>\n<p><a href=\"https:\/\/catholiccharitiesla.org\/spanish\/programas\/program-directory-by-city\/\">Haga clic aqu\u00ed<\/a> para encontrar un centro comunitario cerca de usted.<\/p>\n<p style=\"margin: 0in 0in 0.0001pt; background-position: initial; background-color: white;\"><span lang=\"ES-US\" style=\"font-size: 11pt; font-family: inherit;\">\u2022\u00a0 Prevenci\u00f3n de abuso infantil<br \/> \u2022\u00a0 Clases de ingl\u00e9s como segundo idioma<br \/> \u2022\u00a0 Educaci\u00f3n financiera<br \/> \u2022\u00a0 Preparaci\u00f3n para el examen de Desarrollo de la\u00a0 Educaci\u00f3n General (GED, por sus siglas en ingl\u00e9s)<br \/> \u2022\u00a0 T\u00e9cnicas para un matrimonio saludable<br \/> \u2022\u00a0 Prevenci\u00f3n de la p\u00e9rdida de viviendas<br \/> \u2022\u00a0 Capacitaci\u00f3n laboral<br \/> \u2022\u00a0 Asistencia legal<br \/> \u2022\u00a0 Enlaces a otras fuentes de apoyo<br \/> \u2022\u00a0 Sesiones de alfabetizaci\u00f3n<br \/> \u2022\u00a0 Asesoramiento m\u00e9dico y referencias<br \/> \u2022\u00a0 Clases de nutrici\u00f3n y de alimentos saludables<br \/> \u2022\u00a0 Talleres de crianza de los hijos<br \/> \u2022\u00a0 Apoyo para la recuperaci\u00f3n del abuso de sustancias<br \/> \u2022\u00a0 Tutor\u00eda<br \/> \u2022\u00a0 Y m\u00e1s&#8230;<o:p><\/o:p><\/span><\/p>\n<p style=\"margin: 0in 0in 0.0001pt; background-position: initial; background-color: white;\"><span style=\"font-family: inherit;\"><span lang=\"ES-US\" style=\"font-size: 11pt;\">Encuentre un centro comunitario cerca de usted.\u00a0<\/span><span class=\"MsoHyperlink\"><span lang=\"ES-US\" style=\"font-size: 11pt; color: #5293e2; padding: 0in; border: 1pt none windowtext;\"><a href=\"https:\/\/catholiccharitiesla.org\/spanish\/where-we-are\/\">Enlace a ubicaciones.<\/a><\/span><\/span><\/span><span lang=\"ES-US\" style=\"font-size: 11pt; font-family: Calibri, sans-serif;\"><o:p><\/o:p><\/span><\/p>\n<p>[\/et_pb_text][\/et_pb_column][et_pb_column type=&#8221;2_3&#8243; _builder_version=&#8221;3.0.47&#8243; parallax=&#8221;off&#8221; parallax_method=&#8221;on&#8221;][et_pb_text _builder_version=&#8221;3.9&#8243; text_font=&#8221;Open Sans||||||||&#8221; text_text_color=&#8221;#001f5b&#8221; header_font=&#8221;PT Serif||||||||&#8221; header_text_align=&#8221;left&#8221; header_text_color=&#8221;#0073bc&#8221; header_font_size=&#8221;34&#8243; header_3_font=&#8221;PT Serif||||||||&#8221; header_3_text_align=&#8221;left&#8221; header_3_text_color=&#8221;#0073bc&#8221; header_3_font_size=&#8221;20&#8243; header_3_line_height=&#8221;1.3em&#8221;]<\/p>\n<h1>Fortalecer a las comunidades<\/h1>\n<p style=\"margin: 0in 0in 0.0001pt; background-position: initial; background-color: white;\"><span lang=\"ES-US\" style=\"font-size: 11pt; font-family: inherit; padding: 0in; background-position: initial; background-color: white; font-weight: normal; border: 1pt none windowtext;\">Caridades Cat\u00f3licas cuenta con 18 centros comunitarios ubicados estrat\u00e9gicamente, los cuales sirven como punto de acceso para que las personas necesitadas reciban asistencia. Los centros ofrecen servicios con el prop\u00f3sito de romper los ciclos de pobreza y la falta de viviendas en dichas comunidades. Cada centro es \u00fanico en su estrategia para brindar apoyo, tomando en cuenta las necesidades particulares de cada comunidad. Caridades Cat\u00f3licas proporciona apoyo econ\u00f3mico para cubrir los gastos de alimentos, ropa, renta y servicios p\u00fablicos. Este aporte econ\u00f3mico est\u00e1 sujeto a la disponibilidad de fondos y podr\u00edan aplicar restricciones geogr\u00e1ficas. <o:p><\/o:p><\/span><\/p>\n<p style=\"margin: 0in 0in 0.0001pt; background-position: initial; background-color: white;\"><span style=\"font-family: inherit; font-weight: normal;\"><strong><span lang=\"ES-US\" style=\"font-size: 11pt; padding: 0in; border: 1pt none windowtext;\">Asistencia de emergencia<\/span><\/strong><span lang=\"ES-US\" style=\"font-size: 11pt;\"><o:p><\/o:p><\/span><\/span><\/p>\n<p style=\"margin: 0in 0in 0.0001pt; background-position: initial; background-color: white;\"><span style=\"font-family: inherit; font-weight: normal;\"><span lang=\"ES-US\" style=\"font-size: 11pt; padding: 0in; background-position: initial; background-color: white; border: 1pt none windowtext;\">La asistencia de emergencia fortalece a las familias y a las personas en momentos de crisis y ayuda a prevenir que estos individuos terminen en la calle. Por medio de los 18 centros de servicio comunitario, miles de familias permanecen juntas y mantienen sus hogares intactos para sus hijos.<\/span><span lang=\"ES-US\" style=\"font-size: 11pt;\"><o:p><\/o:p><\/span><\/span><\/p>\n<p style=\"margin: 0in 0in 0.0001pt; background-position: initial; background-color: white;\"><span lang=\"ES-US\" style=\"font-size: 11pt; font-family: inherit; font-weight: normal;\">Los servicios incluyen: asistencia financiera para la renta o las facturas de servicios p\u00fablicos; alimentos frescos y saludables; orientaci\u00f3n para solicitar <\/span><span lang=\"ES-US\" style=\"font-size: 11pt; font-weight: normal;\">atenci\u00f3n m\u00e9dica estatal; pa\u00f1ales; asistencia para los servicios de transporte; y enlaces a recursos comunitarios. Estos servicios esenciales proveen estabilidad a las personas y familias cuando m\u00e1s lo necesitan, y as\u00ed se evitan roturas dom\u00e9sticas que podr\u00edan tener efectos negativos a largo plazo.<\/span><\/p>\n<p style=\"margin: 0in 0in 0.0001pt; background-position: initial; background-color: white;\"><span style=\"font-weight: normal;\"><strong><span lang=\"ES-US\" style=\"font-size: 11pt; padding: 0in; border: 1pt none windowtext;\">Gesti\u00f3n de casos<\/span><\/strong><span lang=\"ES-US\" style=\"font-size: 11pt;\"><o:p><\/o:p><\/span><\/span><\/p>\n<p style=\"margin: 0in 0in 0.0001pt; background-position: initial; background-color: white;\"><span lang=\"ES-US\" style=\"font-size: 11pt; font-family: Calibri, sans-serif;\"><span style=\"font-weight: normal; font-family: inherit;\">La gesti\u00f3n de casos individualizada con orientaci\u00f3n a dar resultados es la pieza fundamental para lograr el cambio que las personas en crisis necesitan tan desesperadamente. Trabajar de forma individual con un gerente de casos es una manera muy efectiva de conseguir claridad sobre uno mismo, sus propios anhelos y metas, y su propio futuro. Todos los clientes de los albergues y algunos clientes de los centros comunitarios participan en el proceso de gesti\u00f3n de casos, en donde se identifican las \u00e1reas de mejora, las metas a corto y largo plazo, y los pasos para alcanzar esos objetivos. El programa se esfuerza por reconstruir vidas, haciendo hincapi\u00e9 en la integridad y la fortaleza.<\/span><o:p><\/o:p><\/span><\/p>\n<p>[\/et_pb_text][\/et_pb_column][\/et_pb_row][\/et_pb_section][et_pb_section fb_built=&#8221;1&#8243; _builder_version=&#8221;3.1.1&#8243; background_color=&#8221;#dddddd&#8221;][et_pb_row _builder_version=&#8221;3.0.47&#8243; background_size=&#8221;initial&#8221; background_position=&#8221;top_left&#8221; background_repeat=&#8221;repeat&#8221;][et_pb_column type=&#8221;1_3&#8243; _builder_version=&#8221;3.0.47&#8243; parallax=&#8221;off&#8221; parallax_method=&#8221;on&#8221;][et_pb_text _builder_version=&#8221;3.1.1&#8243; text_font=&#8221;Open Sans|600|||||||&#8221; text_text_color=&#8221;#001f5b&#8221;]<\/p>\n<div style=\"width: 40%; padding: 0 10px 0 0; float: left;\"><a href=\"https:\/\/catholiccharitiesla.org\/spanish\/about\/\">About<\/a><br \/>\n<a href=\"https:\/\/catholiccharitiesla.org\/spanish\/programs\/\">Programs<\/a><br \/>\n<a href=\"https:\/\/catholiccharitiesla.org\/spanish\/locations\/\">Locations<\/a><br \/>\n<a href=\"https:\/\/catholiccharitiesla.org\/spanish\/events\/\">Events<\/a><br \/>\n<a href=\"https:\/\/catholiccharitiesla.org\/spanish\/news\/\">News<\/a><br \/>\n<a href=\"https:\/\/catholiccharitiesla.org\/spanish\/how-to-help\/\">How To Help<\/a><\/div>\n<div style=\"width: 40%; padding: 0 10px 0 0; float: right;\"><a href=\"https:\/\/catholiccharitiesla.org\/spanish\/programas\/\">En Espa\u00f1ol<\/a><br \/>\n<a href=\"https:\/\/catholiccharitiesla.org\/spanish\/privacy-policy\/\">Privacy Policy<\/a><br \/>\n<a href=\"https:\/\/catholiccharitiesla.org\/spanish\/affiliations\/\">Affiliations<\/a><br \/>\n<a href=\"https:\/\/catholiccharitiesla.org\/spanish\/contact\/\">Contact Us<\/a><br \/>\n<a href=\"https:\/\/catholiccharitiesla.org\/spanish\/donate\/\">Donate Now<\/a><\/div>\n<div style=\"clear: both;\"><\/div>\n<p>[\/et_pb_text][\/et_pb_column][et_pb_column type=&#8221;1_3&#8243; _builder_version=&#8221;3.0.47&#8243; parallax=&#8221;off&#8221; parallax_method=&#8221;on&#8221;][et_pb_cta button_url=&#8221;https:\/\/catholiccharitiesla.org\/spanish\/newsletter-sign-up\/&#8221; button_text=&#8221;SUBSCRIBE&#8221; _builder_version=&#8221;3.1.1&#8243; header_text_align=&#8221;left&#8221; header_text_color=&#8221;#888888&#8243; header_font_size=&#8221;14&#8243; body_font=&#8221;Open Sans|600|||||||&#8221; body_text_color=&#8221;#888888&#8243; use_background_color=&#8221;off&#8221; custom_button=&#8221;on&#8221; button_text_size=&#8221;14px&#8221; button_text_color=&#8221;#ffffff&#8221; button_bg_color=&#8221;#c51f2a&#8221; button_border_width=&#8221;0&#8243; button_border_radius=&#8221;1px&#8221; button_font=&#8221;Open Sans|600|||||||&#8221; button_use_icon=&#8221;off&#8221; button_text_color_hover=&#8221;#ffffff&#8221; button_bg_color_hover=&#8221;#c8a722&#8243; button_border_color_hover=&#8221;#c8a722&#8243; button_alignment=&#8221;center&#8221; background_layout=&#8221;light&#8221; animation_style=&#8221;fade&#8221; saved_tabs=&#8221;all&#8221;]Sign Up To Receive Our Newsletter<br \/>\n[\/et_pb_cta][et_pb_text _builder_version=&#8221;3.1.1&#8243; text_font=&#8221;Open Sans||||||||&#8221; text_orientation=&#8221;center&#8221;]<center><a href=\"https:\/\/www.facebook.com\/Catholic.Charities.LA\" target=\"_blank\" rel=\"noopener noreferrer\"><img loading=\"lazy\" decoding=\"async\" class=\"alignnone\" src=\"https:\/\/catholiccharitiesla.org\/spanish\/wp-content\/uploads\/2018\/05\/CC_FacebookIcon.png\" alt=\"\" width=\"38\" height=\"31\" \/><\/a>\u00a0\u00a0\u00a0 <a href=\"https:\/\/www.linkedin.com\/company\/catholic-charities_4\" target=\"_blank\" rel=\"noopener noreferrer\"><img loading=\"lazy\" decoding=\"async\" class=\"alignnone\" src=\"https:\/\/catholiccharitiesla.org\/spanish\/wp-content\/uploads\/CC_LinkedInIcon.png\" alt=\"\" width=\"38\" height=\"31\" \/><\/a><\/center>[\/et_pb_text][\/et_pb_column][et_pb_column type=&#8221;1_3&#8243; _builder_version=&#8221;3.0.47&#8243; parallax=&#8221;off&#8221; parallax_method=&#8221;on&#8221;][et_pb_text _builder_version=&#8221;3.1.1&#8243; text_font=&#8221;Open Sans|600|||||||&#8221; text_text_color=&#8221;#003e7e&#8221; text_font_size=&#8221;12&#8243; text_line_height=&#8221;1.5em&#8221; custom_margin=&#8221;|||20px&#8221; animation_style=&#8221;fade&#8221;]<a href=\"https:\/\/catholiccharitiesla.org\/spanish\/\"><img loading=\"lazy\" decoding=\"async\" src=\"https:\/\/catholiccharitiesla.org\/spanish\/wp-content\/uploads\/2018\/05\/CatholicCharities_Logo_400px.png\" alt=\"\" width=\"170\" height=\"111\" \/><\/a><\/p>\n<p align=\"left\">1531 James M. Wood Blvd.<br \/>\nP.O. Box 15095, Los Angeles, CA 90015<br \/>\n<strong>(213) 251-3400\u00a0<\/strong> |\u00a0 <a href=\"mailto:info@CatholicCharitiesLA.org\">info@CatholicCharitiesLA.org<\/a><\/p>\n<p>[\/et_pb_text][\/et_pb_column][\/et_pb_row][\/et_pb_section][et_pb_section fb_built=&#8221;1&#8243; _builder_version=&#8221;3.1.1&#8243; global_module=&#8221;1632&#8243;][et_pb_row _builder_version=&#8221;3.0.48&#8243; background_size=&#8221;initial&#8221; background_position=&#8221;top_left&#8221; background_repeat=&#8221;repeat&#8221;][et_pb_column type=&#8221;4_4&#8243; _builder_version=&#8221;3.0.47&#8243; parallax=&#8221;off&#8221; parallax_method=&#8221;on&#8221;][et_pb_text _builder_version=&#8221;3.9&#8243; text_font=&#8221;Open Sans||||||||&#8221; text_text_color=&#8221;#888888&#8243; text_font_size=&#8221;11&#8243;]<\/p>\n<p style=\"text-align: center;\">\u00a92021 All Rights Reserved. Catholic Charities of Los Angeles, Inc.<br \/> Catholic Charities of Los Angeles, Inc. is a 501(c)(3) nonprofit, public benefit corporation accredited by the Council on Accreditation.<\/p>\n<p>[\/et_pb_text][\/et_pb_column][\/et_pb_row][\/et_pb_section]<\/p>\n","protected":false},"excerpt":{"rendered":"<p>&nbsp; &nbsp; Haga clic aqu\u00ed para encontrar un centro comunitario cerca de usted. \u2022\u00a0 Prevenci\u00f3n de abuso infantil \u2022\u00a0 Clases de ingl\u00e9s como segundo idioma \u2022\u00a0 Educaci\u00f3n financiera \u2022\u00a0 Preparaci\u00f3n para el examen de Desarrollo de la\u00a0 Educaci\u00f3n General (GED, por sus siglas en ingl\u00e9s) \u2022\u00a0 T\u00e9cnicas para un matrimonio saludable \u2022\u00a0 Prevenci\u00f3n de la [&hellip;]<\/p>\n","protected":false},"author":1,"featured_media":0,"parent":0,"menu_order":0,"comment_status":"closed","ping_status":"closed","template":"","meta":{"_et_pb_use_builder":"on","_et_pb_old_content":"","_et_gb_content_width":"","_exactmetrics_skip_tracking":false,"_exactmetrics_sitenote_active":false,"_exactmetrics_sitenote_note":"","_exactmetrics_sitenote_category":0,"footnotes":""},"class_list":["post-202","page","type-page","status-publish","hentry"],"_links":{"self":[{"href":"https:\/\/catholiccharitiesla.org\/spanish\/wp-json\/wp\/v2\/pages\/202","targetHints":{"allow":["GET"]}}],"collection":[{"href":"https:\/\/catholiccharitiesla.org\/spanish\/wp-json\/wp\/v2\/pages"}],"about":[{"href":"https:\/\/catholiccharitiesla.org\/spanish\/wp-json\/wp\/v2\/types\/page"}],"author":[{"embeddable":true,"href":"https:\/\/catholiccharitiesla.org\/spanish\/wp-json\/wp\/v2\/users\/1"}],"replies":[{"embeddable":true,"href":"https:\/\/catholiccharitiesla.org\/spanish\/wp-json\/wp\/v2\/comments?post=202"}],"version-history":[{"count":28,"href":"https:\/\/catholiccharitiesla.org\/spanish\/wp-json\/wp\/v2\/pages\/202\/revisions"}],"predecessor-version":[{"id":1645,"href":"https:\/\/catholiccharitiesla.org\/spanish\/wp-json\/wp\/v2\/pages\/202\/revisions\/1645"}],"wp:attachment":[{"href":"https:\/\/catholiccharitiesla.org\/spanish\/wp-json\/wp\/v2\/media?parent=202"}],"curies":[{"name":"wp","href":"https:\/\/api.w.org\/{rel}","templated":true}]}}